) = p**3 - 3*p**2 - 4*p - 5. Let q be b(4). Let a(m) = -16*m - 2. Let w be a(q). Let x = -43 + w. What is the units digit of x?
5
Let o(k) = 4 + 3*k + 4 - 43. What is the units digit of o(14)?
7
Suppose 2*x + 0*l - 746 = 2*l, -x - 5*l = -367. Suppose 2*k - 182 = 3*i, x = 4*k + 4*i - 6*i. What is the units digit of k?
4
Suppose -8*j = -6*j + 8. Let i be 4*4/(-64)*j. Suppose 2*g - 66 = 2*m - 0*m, m - i = 0. What is the units digit of g?
4
Suppose 3*b + 8 = 7*b. Suppose x + 4*v = 6, 3*v + b*v = -x + 5. Suppose 2*w = -n + 8 - 4, -5*w = x. What is the units digit of n?
8
Suppose -3*s = -20*s + 272. What is the units digit of s?
6
Let p(a) = a**2 + 5*a - 2. Let j be p(6). Let c = -88 + 46. Let s = j + c. What is the units digit of s?
2
Suppose -37 = 5*y + 2*q + 13, -10 = y + 4*q. What is the units digit of y/15*(-117 - -3)?
6
Suppose s = p - 43, 5*p + 0*p = 4*s + 167. Let r = -24 - s. What is the tens digit of r?
2
Suppose -4*n = -12 - 4. Suppose -t = -0 + 3, n*t = -5*h - 2. Let x = 5 - h. What is the units digit of x?
3
Let q(g) = -3*g - 10. Let h be (2 - 4) + (-12)/6. Let w be q(h). Suppose 0 = -w*n + 112 - 12. What is the tens digit of n?
5
What is the tens digit of (-19)/(152/(-5232)) - 1?
5
Let g(f) = 4*f**2 - 3*f - 121. What is the units digit of g(-19)?
0
Let u(t) = -t**3 - 10*t**2 - 10*t + 2. Let m be u(-9). Suppose 2*j + 1911 = j - b, -9567 = 5*j + 2*b. What is the units digit of 2/m + j/(-55)?
5
Suppose 2*m - 6 = 0, 4*x - 443 = -4*m + 65. Suppose z = -2*o + 5*z + x, 3*z = 5*o - 289. What is the tens digit of o?
5
Suppose 13*p - 5 = 8*p. What is the tens digit of (p - (-3 - (154 - 4)))/1?
5
What is the hundreds digit of 8 + (5 - 4) - -464?
4
Suppose u + 39 = -3*g - 38, -4*g - 5*u = 110. Let a = -22 - g. Suppose -240 + 36 = -a*m. What is the tens digit of m?
6
Let a = 456 + 1141. What is the units digit of a?
7
Let l = -145 - -320. Suppose -l = -0*s - 2*s + 3*r, 0 = 3*s + 4*r - 237. What is the units digit of s?
3
Suppose x = -h + 81, 3*h = 4*x - 0*h - 352. Suppose 0 = 3*r - 92 - x. What is the units digit of r?
9
Let k = -1 - -3. Suppose 66 = -4*w + k*d, 2*w + 37 = 3*d + 2. Let g = w - -33. What is the units digit of g?
7
Let x(k) = 4*k**3 + k**2 - k + 1. Let o be x(1). Let d = 0 - -5. Suppose o*v = 5*y - d, -1 = -4*y + v + 3. What is the units digit of y?
1
What is the thousands digit of 1171 + (0 - (-7 - -4)) + -10?
1
Let b(g) = g**2 - 8*g + 11. Let f be ((-3)/(-15))/(1/5). Let k(l) = l**2 - l. Let r(y) = f*b(y) - 2*k(y). What is the units digit of r(-6)?
1
Suppose 2*h = 4*h - 4, 5*h = 2*f - 1276. What is the tens digit of f?
4
Suppose 0 = 4*k + 2*c + 1270 - 11986, 2*k - 5*c = 5334. What is the tens digit of k?
7
Suppose 2*u - 21 = -5. Let n = -9 - -15. What is the units digit of (5*2)/(u - n)?
5
Let m(s) = 4*s - 1. Suppose -5*l + 9 = -x - 10, -5*l + 15 = 0. Let z be m(x). What is the units digit of (-10)/25 - z/5?
3
Let z be ((-165)/6)/((-3)/6). Let p = z - 11. What is the tens digit of p?
4
Suppose 6696 + 9623 = 4*t + 3*a, -5*t + 20395 = 5*a. What is the hundreds digit of t?
0
Let q(c) = -c**3 + c**2 + c - 1. Let f(m) = 4*m**3 - 38*m**2 - 31*m - 35. Let g(z) = -f(z) - 5*q(z). What is the hundreds digit of g(-32)?
2
Suppose -2*h + 5*h = 30. Let a = h + -10. What is the tens digit of a + (-111)/(-9)*3?
3
Suppose -6*p = -8*p + 2. Let y = 3 - p. Suppose 8 = 2*a - y. What is the units digit of a?
5
Let h = 3335 + -2162. What is the tens digit of h?
7
Let h(t) = -87*t + 36. What is the thousands digit of h(-13)?
1
Let x(z) = 13*z**2 - 18*z + 62. What is the units digit of x(7)?
3
Let y(v) = -251*v + 1. What is the hundreds digit of y(-3)?
7
Let c be 4*10 + 0/(-1). Suppose -k = 3*k + 76. Let t = k + c. What is the units digit of t?
1
Suppose -4250 = -240*r + 235*r. What is the units digit of r?
0
Let y(w) = w**2 - 9*w + 4. Suppose -49 = -5*k - 4*d, -5*k - d = d - 47. What is the units digit of y(k)?
4
Let d(s) = -95*s**2 - 4*s + 13. Let q(w) = -24*w**2 - w + 3. Let f(n) = 2*d(n) - 9*q(n). Suppose -4*t + 2*t + 2 = 0. What is the tens digit of f(t)?
2
Suppose 4 = -t + 5*q, -3*q = 5*t + 3 - 11. Let c be (21 - -2) + -4 + t. What is the tens digit of 3 + (c - 4) + 0?
1
Let l(g) = 9 + 3*g**3 + 2*g - 11*g - 7*g**3 - 25*g**2 + 3*g**3. What is the units digit of l(-25)?
4
Let o(r) = 6*r**2 - 10*r - 3. What is the tens digit of o(-8)?
6
Suppose 797 = 25*a - 3903. What is the tens digit of a?
8
Suppose p = -3*s + 570, 3*p - 298 = -3*s + 278. What is the units digit of s?
9
Let x(q) = 24*q + 103. What is the hundreds digit of x(0)?
1
Let i be 12/(1 - 7)*(-201)/2. Suppose 2*j = i + 23. What is the hundreds digit of j?
1
Suppose 5*d + 31 = -f, 4*d = -f - 0 - 27. Let w = 74 + -99. Let j = f - w. What is the units digit of j?
4
Suppose 0 = -115*x + 35*x + 343200. What is the tens digit of x?
9
Suppose -6*b = -13 + 49. What is the units digit of 23/(-138) - 55/b?
9
Let m(f) be the third derivative of f**4/6 + f**3/6 + 7*f**2. What is the tens digit of m(11)?
4
Suppose 0 = 4*w - 0*w + 12. Let x = w + 1. Let o(n) = 4*n**2 + 2*n. What is the tens digit of o(x)?
1
Let x = 963 + -504. Suppose -5*c + x = n, -n - 4*n + 293 = 3*c. Let g = c - 65. What is the tens digit of g?
2
Suppose 0*d + 5*d - 45 = 0. Suppose -20 = 11*s + 13. Let q = d - s. What is the tens digit of q?
1
Suppose -47*q + 25662 = -5*q. What is the hundreds digit of q?
6
Suppose 0 = -3*f + 5*q - 19, 0 = -5*f - 4*q + 30. Suppose 5*k + 2*n - 475 = 0, -5*k + 22 = -f*n - 473. What is the tens digit of k?
9
Let t(x) = -2*x**2 + 42*x + 18. Let o be t(24). What is the tens digit of (o/42)/((-2)/(-388)*-3)?
9
Suppose 4*o + 4*n - 54 = 86, -3*n = o - 33. Let g = o + 37. What is the tens digit of g?
7
Let x(z) = 404*z - 53. What is the tens digit of x(7)?
7
Let y = 70 + -62. Suppose 10*n - 162 = y*n. What is the tens digit of n?
8
Suppose 3*o - 5*f - 892 = 0, 512 = 2*o + f - 87. What is the tens digit of o?
9
Suppose 2*h + 990 = 2*c, 2*c = -2*h + 5*h + 991. Suppose 804 = -5*d - 3*n, -2*d = d - 4*n + c. Let q = 238 + d. What is the tens digit of q?
7
Suppose q + 2*q = 2*z + 10, -3*q - 5*z = 25. Suppose 0 = -q*h + 4*h - 256. Let v = h + -40. What is the tens digit of v?
2
Let k = -2653 - -3853. What is the hundreds digit of k?
2
Let u(x) = x + 8. Let i be (16/2)/2 - 9. Let t be u(i). Suppose -t*y - 2*o + 60 + 4 = 0, 5*o = 3*y - 92. What is the units digit of y?
4
Let n = 6826 - 4533. What is the hundreds digit of n?
2
Let k be (-3)/((-4)/(8 + -4)). Suppose -2*r = -k*r - 4. What is the tens digit of 41*(1 + r + 4)?
4
What is the hundreds digit of 5230/8 + (-11)/(-44)?
6
What is the units digit of 20/170 - (-69186)/34?
5
Let x(o) = -o + 11. Let g be x(9). What is the units digit of 53 - (-15)/(7 - g)?
6
Let b(o) = 14*o - 3 + 0 + 2. Let a be b(-2). Let u = 44 + a. What is the tens digit of u?
1
Suppose 2*m - 3*l = 161, -9*l + 437 = 5*m - 5*l. What is the units digit of m?
5
Suppose -x - 5*j - 2837 = -2*x, 0 = -4*x - 2*j + 11326. What is the tens digit of x?
3
Suppose 0 = -0*p + p - 4, 1738 = 3*x - 5*p. What is the units digit of x?
6
Suppose -2*z - 3*v = -133, -5*z + 330 = 7*v - 2*v. Suppose -2*d - z = -3*d. What is the tens digit of d?
6
Let w(d) = 156*d - 483. What is the tens digit of w(27)?
2
Let y be 4 + -3 - 3 - -9. Suppose 4*f + y + 1 = 0, 5*z = 5*f + 55. Suppose -3*h + z = -9. What is the units digit of h?
6
Suppose 2584 + 245 = 23*k. What is the tens digit of k?
2
Let m be ((-26)/(-8))/(8/(-32)). Let w = 18 + m. Suppose -4*b - 16 - 4 = -c, -3*c + 88 = -w*b. What is the units digit of c?
6
Let v(o) = 2*o**3 - o**2 - 21*o + 3. What is the units digit of v(6)?
3
Let p = 1635 - 879. What is the hundreds digit of p?
7
Let w = 3986 - 1975. What is the units digit of w?
1
What is the units digit of 4 + -9 + (286 - -1)?
2
Let l(s) = s + 7. Let f be l(-11). Let h be f - ((-6)/(-2) + -7). Suppose h = -3*g - o + 81, 5*o = -4*g - 57 + 176. What is the tens digit of g?
2
Let p be 1*(2 + -4)*2. Let k be 6/p*(-88)/(-4). Let c = 56 + k. What is the units digit of c?
3
Let v(u) = -5*u**3 - 12*u**2 + 32*u + 1. Let w(d) = -d**3 - d**2 + 2*d - 1. Let n(a) = -v(a) + 4*w(a). What is the tens digit of n(-7)?
1
Let u(x) = 7*x - 5*x - 14 + 1. Let o be u(-12). Let r = -13 - o. What is the units digit of r?
4
Let v = 5552 - 3209.